{"id":592,"date":"2021-08-23T07:14:43","date_gmt":"2021-08-23T07:14:43","guid":{"rendered":"https:\/\/www.spielzeugmuseum-lannach.at\/?page_id=592"},"modified":"2026-04-18T09:50:45","modified_gmt":"2026-04-18T08:50:45","slug":"oeffnungszeiten-2","status":"publish","type":"page","link":"https:\/\/www.spielzeugmuseum-lannach.at\/?page_id=592","title":{"rendered":"\u00d6ffnungszeiten"},"content":{"rendered":"\n<p><\/p>\n\n\n\n<p class=\"has-vivid-red-color has-text-color has-medium-font-size\">Unsere n\u00e4chsten \u00d6ffnungstage: <br><\/p>\n\n\n\n<p>26. April 2026 und 3. Mai 2026<\/p>\n\n\n\n<p>jeweils in der Zeit von 14:00 bis 18:00 Uhr<\/p>\n\n\n\n<p class=\"has-vivid-red-color has-text-color has-medium-font-size\"><\/p>\n\n\n\n<p class=\"has-vivid-red-color has-text-color has-medium-font-size\"><\/p>\n\n\n\n<p class=\"has-vivid-red-color has-text-color has-medium-font-size\"><br><\/p>\n\n\n\n<p><\/p>\n\n\n\n<p><\/p>\n\n\n\n<p><\/p>\n\n\n\n<p><\/p>\n\n\n\n<p class=\"has-medium-font-size\">Sonst haben wir f\u00fcr sie ge\u00f6ffnet:<\/p>\n\n\n\n<ul class=\"wp-block-list has-medium-font-size\">\n<li>jeden ersten und letzten Sonntag im Monat <br>Bitte beachten sie die n\u00e4chsten \u00d6ffnungstage <br><\/li>\n\n\n\n<li>an den \u00d6ffnungstagen von 14:00 bis 18:00 Uhr <br>Eine zeitliche Voranmeldung unter 0664 3823 988 <br>wird empfohlen<br><\/li>\n\n\n\n<li>sonst jederzeit nach telefonischer Vereinbarung unter 0664 3823 988<br><\/li>\n\n\n\n<li>an unseren <a href=\"https:\/\/www.spielzeugmuseum-lannach.at\/?page_id=40\" data-type=\"page\" data-id=\"40\">Sonder\u00f6ffnungszeiten<\/a><br><\/li>\n<\/ul>\n","protected":false},"excerpt":{"rendered":"<p>Unsere n\u00e4chsten \u00d6ffnungstage: 26. April 2026 und 3. Mai 2026 jeweils in der Zeit von 14:00 bis 18:00 Uhr Sonst haben wir f\u00fcr sie ge\u00f6ffnet:<\/p>\n","protected":false},"author":1,"featured_media":0,"parent":0,"menu_order":0,"comment_status":"closed","ping_status":"closed","template":"","meta":{"footnotes":""},"class_list":["post-592","page","type-page","status-publish","hentry"],"_links":{"self":[{"href":"https:\/\/www.spielzeugmuseum-lannach.at\/index.php?rest_route=\/wp\/v2\/pages\/592"}],"collection":[{"href":"https:\/\/www.spielzeugmuseum-lannach.at\/index.php?rest_route=\/wp\/v2\/pages"}],"about":[{"href":"https:\/\/www.spielzeugmuseum-lannach.at\/index.php?rest_route=\/wp\/v2\/types\/page"}],"author":[{"embeddable":true,"href":"https:\/\/www.spielzeugmuseum-lannach.at\/index.php?rest_route=\/wp\/v2\/users\/1"}],"replies":[{"embeddable":true,"href":"https:\/\/www.spielzeugmuseum-lannach.at\/index.php?rest_route=%2Fwp%2Fv2%2Fcomments&post=592"}],"version-history":[{"count":85,"href":"https:\/\/www.spielzeugmuseum-lannach.at\/index.php?rest_route=\/wp\/v2\/pages\/592\/revisions"}],"predecessor-version":[{"id":1027,"href":"https:\/\/www.spielzeugmuseum-lannach.at\/index.php?rest_route=\/wp\/v2\/pages\/592\/revisions\/1027"}],"wp:attachment":[{"href":"https:\/\/www.spielzeugmuseum-lannach.at\/index.php?rest_route=%2Fwp%2Fv2%2Fmedia&parent=592"}],"curies":[{"name":"wp","href":"https:\/\/api.w.org\/{rel}","templated":true}]}}