{"id":543,"date":"2021-04-14T12:27:56","date_gmt":"2021-04-14T12:27:56","guid":{"rendered":"https:\/\/www.spielzeugmuseum-lannach.at\/?page_id=543"},"modified":"2021-09-27T09:15:59","modified_gmt":"2021-09-27T09:15:59","slug":"teddy-klinik","status":"publish","type":"page","link":"https:\/\/www.spielzeugmuseum-lannach.at\/?page_id=543","title":{"rendered":"Teddy-Klinik"},"content":{"rendered":"\n<p><\/p>\n\n\n\n<p>Wir reparieren auch ihre Lieblinge, z.B.<\/p>\n\n\n\n<p>Teddyb\u00e4ren, Pl\u00fcschtiere, Filzpuppen und vieles mehr. <\/p>\n\n\n\n<p> F\u00fcr n\u00e4here Infos: <a href=\"http:\/\/www.spielzeugmuseum-lannach.at\/?page_id=34\">Kontakt.<\/a><\/p>\n","protected":false},"excerpt":{"rendered":"<p>Wir reparieren auch ihre Lieblinge, z.B. Teddyb\u00e4ren, Pl\u00fcschtiere, Filzpuppen und vieles mehr. F\u00fcr n\u00e4here Infos: Kontakt.<\/p>\n","protected":false},"author":1,"featured_media":0,"parent":0,"menu_order":0,"comment_status":"closed","ping_status":"closed","template":"","meta":{"footnotes":""},"class_list":["post-543","page","type-page","status-publish","hentry"],"_links":{"self":[{"href":"https:\/\/www.spielzeugmuseum-lannach.at\/index.php?rest_route=\/wp\/v2\/pages\/543"}],"collection":[{"href":"https:\/\/www.spielzeugmuseum-lannach.at\/index.php?rest_route=\/wp\/v2\/pages"}],"about":[{"href":"https:\/\/www.spielzeugmuseum-lannach.at\/index.php?rest_route=\/wp\/v2\/types\/page"}],"author":[{"embeddable":true,"href":"https:\/\/www.spielzeugmuseum-lannach.at\/index.php?rest_route=\/wp\/v2\/users\/1"}],"replies":[{"embeddable":true,"href":"https:\/\/www.spielzeugmuseum-lannach.at\/index.php?rest_route=%2Fwp%2Fv2%2Fcomments&post=543"}],"version-history":[{"count":6,"href":"https:\/\/www.spielzeugmuseum-lannach.at\/index.php?rest_route=\/wp\/v2\/pages\/543\/revisions"}],"predecessor-version":[{"id":619,"href":"https:\/\/www.spielzeugmuseum-lannach.at\/index.php?rest_route=\/wp\/v2\/pages\/543\/revisions\/619"}],"wp:attachment":[{"href":"https:\/\/www.spielzeugmuseum-lannach.at\/index.php?rest_route=%2Fwp%2Fv2%2Fmedia&parent=543"}],"curies":[{"name":"wp","href":"https:\/\/api.w.org\/{rel}","templated":true}]}}