{"id":26,"date":"2020-03-17T22:32:24","date_gmt":"2020-03-17T22:32:24","guid":{"rendered":"http:\/\/www.spielzeugmuseum-lannach.at\/?page_id=26"},"modified":"2025-05-07T20:55:13","modified_gmt":"2025-05-07T19:55:13","slug":"fuehrungen","status":"publish","type":"page","link":"https:\/\/www.spielzeugmuseum-lannach.at\/?page_id=26","title":{"rendered":"F\u00fchrungen"},"content":{"rendered":"\n<p><\/p>\n\n\n\n<p><\/p>\n\n\n\n<p class=\"has-medium-font-size\">F\u00fchrungen durch das Museum werden gerne durchgef\u00fchrt (Dauer: ca. 60 Minuten, Beginn zur vollen Stunde).<\/p>\n\n\n\n<p class=\"has-medium-font-size\">Neben Zusatzinformationen \u00fcber einzelne Exponate werden sie u.a. auch mit dem \u201eInnenleben\u201c von Teddies und der Funktionsweise von Schoenhut Figuren betraut gemacht. Nebenbei erf\u00e4hrt man etwas \u00fcber die Geschichte des Ausstellungsgeb\u00e4udes\u2026. <\/p>\n\n\n\n<p><\/p>\n\n\n\n<p class=\"has-medium-font-size\">Machen sie einen kleinen <a href=\"http:\/\/www.spielzeugmuseum-lannach.at\/wp-content\/uploads\/2021\/12\/Schau-mal-rein.mp4\">Rundgang<\/a> durch das Museum.<\/p>\n\n\n\n<p class=\"has-medium-font-size\">Bei den F\u00fchrungen erf\u00e4hrt man einiges \u00fcber die ber\u00fchmten<strong> <\/strong><a href=\"https:\/\/www.spielzeugmuseum-lannach.at\/?page_id=253\">Anker-Steinbauk\u00e4sten<\/a> (z. B. \u00fcber den zweitgr\u00f6\u00dften Kasten [GKNF 28])<\/p>\n\n\n\n<p class=\"has-medium-font-size\"><\/p>\n","protected":false},"excerpt":{"rendered":"<p>F\u00fchrungen durch das Museum werden gerne durchgef\u00fchrt (Dauer: ca. 60 Minuten, Beginn zur vollen Stunde). Neben Zusatzinformationen \u00fcber einzelne Exponate werden sie u.a. auch mit dem \u201eInnenleben\u201c von Teddies und der Funktionsweise von Schoenhut Figuren betraut gemacht. Nebenbei erf\u00e4hrt man etwas \u00fcber die Geschichte des Ausstellungsgeb\u00e4udes\u2026. Machen sie einen kleinen Rundgang durch das Museum. Bei den F\u00fchrungen erf\u00e4hrt man einiges \u00fcber die ber\u00fchmten Anker-Steinbauk\u00e4sten (z. B. \u00fcber den zweitgr\u00f6\u00dften Kasten [GKNF 28])<\/p>\n","protected":false},"author":1,"featured_media":0,"parent":0,"menu_order":0,"comment_status":"closed","ping_status":"closed","template":"","meta":{"footnotes":""},"class_list":["post-26","page","type-page","status-publish","hentry"],"_links":{"self":[{"href":"https:\/\/www.spielzeugmuseum-lannach.at\/index.php?rest_route=\/wp\/v2\/pages\/26"}],"collection":[{"href":"https:\/\/www.spielzeugmuseum-lannach.at\/index.php?rest_route=\/wp\/v2\/pages"}],"about":[{"href":"https:\/\/www.spielzeugmuseum-lannach.at\/index.php?rest_route=\/wp\/v2\/types\/page"}],"author":[{"embeddable":true,"href":"https:\/\/www.spielzeugmuseum-lannach.at\/index.php?rest_route=\/wp\/v2\/users\/1"}],"replies":[{"embeddable":true,"href":"https:\/\/www.spielzeugmuseum-lannach.at\/index.php?rest_route=%2Fwp%2Fv2%2Fcomments&post=26"}],"version-history":[{"count":19,"href":"https:\/\/www.spielzeugmuseum-lannach.at\/index.php?rest_route=\/wp\/v2\/pages\/26\/revisions"}],"predecessor-version":[{"id":989,"href":"https:\/\/www.spielzeugmuseum-lannach.at\/index.php?rest_route=\/wp\/v2\/pages\/26\/revisions\/989"}],"wp:attachment":[{"href":"https:\/\/www.spielzeugmuseum-lannach.at\/index.php?rest_route=%2Fwp%2Fv2%2Fmedia&parent=26"}],"curies":[{"name":"wp","href":"https:\/\/api.w.org\/{rel}","templated":true}]}}